pose -17 = 2*t - w. List the prime factors of t.
2, 3
Let u(s) = 4*s**3 - 4*s**2 + 2*s. List the prime factors of u(3).
2, 3, 13
What are the prime factors of -18*(-7)/(42/4)?
2, 3
Suppose -x + 6 = -2*x + 4*g, 5*g = -5*x + 20. Suppose 0 = x*k + 2*k + 5*f - 37, 2*k + 4 = 2*f. List the prime factors of k.
3
Let c(w) = 2*w**2 + w - 2. Let l be c(-2). Suppose -t - l*t + 70 = 2*h, h - 28 = t. List the prime factors of h.
2, 3, 5
Suppose 139 + 457 = 4*j. List the prime factors of j.
149
Suppose -w - 2*p = -4, 0 = -w + p - 1 + 2. Suppose 0 = -w*k + 5*k - 66. List the prime factors of k.
2, 11
Let w be -3*(-1 + (-3)/(-9)). Let s(z) = z**2 - 2*z + 1. Let j be s(w). What are the prime factors of j/(-3) + 217/21?
2, 5
Let v = -17 - -24. What are the prime factors of v*(3 - (-9)/(-21))?
2, 3
Let q(k) = -2*k**2 + 2*k**2 - k**2 - 4*k + k**3 + 3. Let d = 1 - -2. List the prime factors of q(d).
3
Suppose n - 1 = 2*z, n = -3*z + 6*z + 1. Suppose z = 2*o + 2*o - 28. What are the prime factors of o?
7
Let r = 31 - -3. What are the prime factors of r?
2, 17
Let r be ((-21)/3 - -3)*-1. Suppose -k + r - 2 = 0. What are the prime factors of k?
2
Let m = -109 - -166. List the prime factors of m.
3, 19
Let u = 186 + -18. List the prime factors of u.
2, 3, 7
Let t be -1*6*(-1)/(-1). Let a(f) = f**3 + 6*f**2 - 9*f - 2. What are the prime factors of a(t)?
2, 13
Let z(c) = c**3 + 6*c**2 + 5*c + 1. Let b be z(-5). Suppose 4*n - b = 3. What are the prime factors of n*-2 - (-7 + 2)?
3
Let o(v) = -5*v**2 + v + 6. Let w be o(3). Let f = w + 68. List the prime factors of f.
2
Suppose 4 = -u, 3*m + 0*m - 4*u = 301. List the prime factors of m.
5, 19
Let k = 77 - 42. List the prime factors of 56/k - 2/(-5).
2
Suppose -2*g + 17 = 5*z, 0 = -4*z - 3*g + 4*g + 24. Let l(y) = y + 6. Let o be l(z). Let w = 16 - o. What are the prime factors of w?
5
Let q be 6/(-27) - (-87)/27. Suppose -8 = -7*y + 3*y. Suppose y*j = q*j - 18. What are the prime factors of j?
2, 3
Let u be 0/(-1 + 0) + 46. Let a = u - 24. What are the prime factors of a?
2, 11
What are the prime factors of 12 - (-2)/(-4)*2?
11
Let a = -13 + 13. Suppose 2*u - 27 - 45 = a. List the prime factors of u.
2, 3
Let d(i) = 3*i + 4. Let t = 12 - 7. List the prime factors of d(t).
19
Suppose -424 = -23*q + 19*q. List the prime factors of q.
2, 53
Suppose 0*j - 3*j + 12 = 0. Let b(a) = a**2 - 4 + 1 - j*a + 0*a**2 + 8. List the prime factors of b(4).
5
Suppose o - 10 = 2*z - 3*z, -3*o + 10 = -2*z. Suppose 0 = 2*u - o. Suppose u*q + 7 = 25. What are the prime factors of q?
2, 3
Let p(l) = l - 1. Let x be p(1). Suppose -5*u + u + 12 = x. List the prime factors of u.
3
Suppose 7 = 3*m + 1. What are the prime factors of (1 - (m + 3)) + 16?
2, 3
Suppose -y - 2*y = -15. Suppose y*z = 4 + 16. Suppose 0 = 2*a - 4*c - 14, 2*c - 1 + 17 = z*a. List the prime factors of a.
3
Let y = 145 - 62. What are the prime factors of y?
83
Suppose p + 4*p = 5*o + 5, 0 = -2*p - 4*o - 4. Let d be (0 - -3)*(-6 + p). What are the prime factors of (-112)/d + 2/(-9)?
2, 3
Let q be (2 - 6) + 1 + -2. Let b(d) be the second derivative of -d**3/6 - d**2 + d. What are the prime factors of b(q)?
3
Suppose 2*w - 6*w = 16, 0 = -3*b - 5*w + 88. List the prime factors of b.
2, 3
Let p = 2 + -2. Suppose 5*l - 3*i - 6 = 0, -4*l - 6 = -l - 5*i. Let s = l + p. List the prime factors of s.
3
Let r be (-1)/(-2) - (-31)/2. Suppose -2*q + r = -16. List the prime factors of q.
2
Suppose -18 - 25 = -v. List the prime factors of v.
43
Let t(c) = 5*c + c**2 - c**2 - 3*c - 2*c**3. Let o be t(-2). Suppose g - 35 = -o. What are the prime factors of g?
23
Let g = 9 + -5. Suppose -u + 100 = g*u. List the prime factors of u.
2, 5
What are the prime factors of 1/((-3)/264)*-1?
2, 11
Let t(y) = -y**3 - 10*y**2 - y + 11. Suppose 0 = 4*q + 3*p + 15, -4*q + 2*p + 16 - 6 = 0. Suppose 4*n - 2*n + 20 = q. What are the prime factors of t(n)?
3, 7
List the prime factors of 10/35 + 248/14.
2, 3
Let g = 9 - 6. Let a(z) = 7*z - 1. List the prime factors of a(g).
2, 5
Suppose 3 = t - 0*t. What are the prime factors of (-2)/(6/t)*-12?
2, 3
Suppose 5*b = 2*d + 37, b + 2*d - 44 = -3*b. Let p = -9 + b. Suppose -4*f + f + 66 = p. What are the prime factors of f?
2, 11
Let o = -7 + 4. Let p(h) = -10*h - 7. What are the prime factors of p(o)?
23
What are the prime factors of (9/6)/((-6)/(-1140))?
3, 5, 19
Suppose 0 = -4*i + 3*b + 202 - 4, 4*i - 196 = 4*b. List the prime factors of i.
3, 17
Let x(w) = 2*w**2 - 3 + 3 + 2*w. Let q be x(-2). Suppose 3*c + 63 = q*y, 5*y + 4*c - 35 = -c. List the prime factors of y.
2, 3
Let i(x) = -11*x - 1. List the prime factors of i(-10).
109
Let a = -7 + 12. Suppose -a*w = -4*l + 77, 3*w = 2*l - 0*w - 37. Let f = l + -6. What are the prime factors of f?
17
Suppose 2*b + 4*x + 34 = 0, 4*b - 2*x - 3*x = -16. Let m(l) = -l**2 - 12*l - 9. What are the prime factors of m(b)?
2, 3
Let x = 10 + -10. Suppose x = 4*g - 3 - 5. List the prime factors of g.
2
Let j(l) = -l**3 - 5*l**2 + l + 7. Let i be j(-5). Suppose 3*n = -0*g - i*g + 3, -11 = -4*g - 5*n. What are the prime factors of g?
3
Let m(q) = q**3 + 2*q**2 - 5*q - 2. Let r(l) = 10*l**3 + l**2 - l + 1. Let z be r(1). Let g = 8 - z. List the prime factors of m(g).
2
Let c(o) = 34*o + 3. List the prime factors of c(1).
37
Suppose 2*l - 98 = -r - r, 5*r - 4*l - 218 = 0. Suppose 5*s - 182 = -3*b, -3*b = 3*s - 68 - r. List the prime factors of s.
2, 17
Let d be (6/(-3))/((-4)/(-26)). Let v = -9 - d. What are the prime factors of v?
2
Let g(y) = -y**2 - 9*y - 3. Let m be g(-8). Suppose 4*p - 6 = -0*z - 2*z, 0 = -m*p. What are the prime factors of z?
3
Let v be 230/40 + (-6)/8. Suppose 3*y - v = -c + 3, -4*y = 2*c - 10. List the prime factors of c - ((-14)/2 - -1).
5
Let x(q) be the second derivative of -q**3/6 + q**2 + 2*q. Let h(d) = -d**3 + 12*d**2 - 2*d + 18. Let w be h(12). List the prime factors of x(w).
2
Suppose f = 3*f. Let q be (-8)/(-12)*(f - -3). Suppose 0 = 2*g + q*g - 48. What are the prime factors of g?
2, 3
Let d be (4 - -2 - 3) + -1. Suppose -d*c - 75 = -5*c. What are the prime factors of c?
5
What are the prime factors of -9 - -5 - (-1 + (-161 - -1))?
157
Let o = -34 - -77. Let m = o - 19. List the prime factors of m.
2, 3
List the prime factors of (3/6)/(7/658).
47
Let a(d) = 8*d - 4*d - 3*d - 6 + d. What are the prime factors of a(15)?
2, 3
Let y(x) = 43*x - 3. What are the prime factors of y(3)?
2, 3, 7
Let q(d) = d**3 + 10*d**2 - 11*d + 12. Let s be q(-11). Suppose m - s = -5. Suppose -m*h + 3*h + 48 = 0. What are the prime factors of h?
2, 3
Let h = -280 - -463. List the prime factors of h.
3, 61
Suppose 2 = -g + 12. What are the prime factors of g?
2, 5
Let w be -2*(28 - -2)/(-3). Suppose 5*a - v - 25 = 3*v, 4*a - 4*v = w. What are the prime factors of a?
5
Let g(u) = 2*u**2 - 2*u + 3. Let i(o) = 8*o**2 - 9*o + 13. Let c(k) = 9*g(k) - 2*i(k). Let f be c(-1). Suppose 64 = f*x + x. List the prime factors of x.
2
Suppose -92 = -3*t - 5. What are the prime factors of t?
29
Let y(i) = i**3 + 4*i**2 - 4*i + 3. Let r be y(-5). Let a = 2 + r. Let k = 22 + a. List the prime factors of k.
2, 11
Suppose -3*k = 2*k - 25. Suppose 0 = k*t - 4*g - 76, -2*t = -4*g - g - 44. Suppose 58 = 5*s - t. What are the prime factors of s?
2, 7
Suppose 3*j - 7*j - 44 = -3*t, 5*t = 0. Let f = j + 60. List the prime factors of f.
7
Suppose 6*p - 53 - 31 = 0. List the prime factors of p.
2, 7
Let p be (-1)/(-2) + 165/10. Suppose 3*z - 13 - p = 0. List the prime factors of z.
2, 5
Let o(c) = -8*c - 3. Let u(v) = -24*v - 10. Let r(g) = 10*o(g) - 3*u(g). List the prime factors of r(-2).
2
Let f = -6 + 28. List the prime factors of f.
2, 11
Suppose 71 = 5*t - s, -37 = -3*t + 4*s - 2*s. What are the prime factors of t?
3, 5
Let d(v) = v. Let y be d(4). Suppose y*c = c + 30. What are the prime factors of c?
2, 5
Suppose -2*w + 411 = 3*r, -121 = -r - 3*w + 23. List the prime factors of r.
3, 5
Let h = -16 + 24. Let v = -6 + h. Suppose 4*d + 4*k = -d + 57, 0 = 4*d - v*k - 56. What are the prime factors of d?
13
Suppose -2*y - 15 = -7*y. Suppose -n - 23 - 35 = -2*t, y*n - 105 = -3*t. What are the prime factors of t?
31
Let p be (-1)/2*-2 - -86. Suppose -5 - 12 = -o. Suppose 0 = 5*u + o - p. What are the prime factors of u?
2, 7
Let w(t) = 6*t - 5. S